81081933
What are the prime factors of 218198658?
2, 3, 389, 93487
List the prime factors of 883740384.
2, 3, 1721, 1783
What are the prime factors of 43437289?
7, 6205327
List the prime factors of 578901778.
2, 7, 13, 37, 12281
What are the prime factors of 1198046693?
43, 653, 42667
What are the prime factors of 213371530?
2, 5, 21337153
What are the prime factors of 5131322282?
2, 37, 41, 1691273
What are the prime factors of 1414793284?
2, 7459, 47419
What are the prime factors of 47433516?
2, 3, 13, 53, 5737
List the prime factors of 1149122055.
3, 5, 17, 59, 76379
List the prime factors of 824826589.
197, 4186937
What are the prime factors of 3546180212?
2, 17, 52149709
What are the prime factors of 493715589?
3, 19, 47, 184291
What are the prime factors of 71513077?
257, 278261
List the prime factors of 1187459513.
1187459513
What are the prime factors of 165671714?
2, 13, 23, 101, 211
What are the prime factors of 311772597?
3, 103924199
What are the prime factors of 6653675280?
2, 3, 5, 7, 3960521
What are the prime factors of 201726580?
2, 5, 11, 916939
List the prime factors of 2540702125.
5, 13, 37, 42257
List the prime factors of 373830218.
2, 43, 4346863
List the prime factors of 4045118016.
2, 3, 43, 489961
What are the prime factors of 1176921183?
3, 349, 947, 1187
What are the prime factors of 176331295?
5, 7, 5038037
List the prime factors of 2830027742.
2, 1415013871
List the prime factors of 113275090.
2, 5, 11327509
List the prime factors of 79474172.
2, 1451, 13693
List the prime factors of 32205034.
2, 827, 19471
List the prime factors of 118341308.
2, 191, 154897
List the prime factors of 169699270.
2, 5, 13, 17, 31, 2477
What are the prime factors of 393926043?
3, 7, 1637
List the prime factors of 1855870600.
2, 5, 19, 191, 2557
What are the prime factors of 1257840395?
5, 7, 35938297
What are the prime factors of 1314400336?
2, 82150021
List the prime factors of 23952216.
2, 3, 998009
List the prime factors of 48673785.
3, 5, 3244919
List the prime factors of 135099689.
61, 2214749
List the prime factors of 387577218.
2, 3, 7, 239, 38611
List the prime factors of 3868665435.
3, 5, 17, 23, 73291
What are the prime factors of 43905222?
2, 3, 2439179
List the prime factors of 618688759.
13, 373, 127591
What are the prime factors of 251137822?
2, 13, 9659147
What are the prime factors of 358593238?
2, 179296619
List the prime factors of 89204043.
3, 29734681
List the prime factors of 143596677.
3, 7, 6837937
What are the prime factors of 468441375?
3, 5, 17, 197, 373
List the prime factors of 60942240.
2, 3, 5, 14107
List the prime factors of 2063441144.
2, 61, 4228363
List the prime factors of 623927102.
2, 83, 3758597
List the prime factors of 4063189510.
2, 5, 406318951
What are the prime factors of 51067145?
5, 47, 217307
List the prime factors of 5264706722.
2, 11, 397, 457, 1319
What are the prime factors of 1329314566?
2, 467, 1193
List the prime factors of 615095329.
151, 251, 16229
What are the prime factors of 28912676?
2, 13, 419, 1327
What are the prime factors of 89225519?
89225519
List the prime factors of 1291677258.
2, 3, 43, 5006501
What are the prime factors of 3252149729?
3252149729
What are the prime factors of 746210535?
3, 5, 7, 641, 11087
List the prime factors of 464360795.
5, 491, 189149
List the prime factors of 239408171.
1583, 151237
What are the prime factors of 3779886820?
2, 5, 7487, 25243
List the prime factors of 275823365.
5, 79, 698287
List the prime factors of 365740789.
365740789
What are the prime factors of 117372932?
2, 29343233
What are the prime factors of 118459047?
3, 7, 151, 37357
List the prime factors of 213089087.
967, 220361
List the prime factors of 37451608.
2, 101, 46351
List the prime factors of 891385251.
3, 297128417
List the prime factors of 175384209.
3, 7, 11, 13, 58403
What are the prime factors of 89815498?
2, 5839, 7691
List the prime factors of 62038657.
31, 2001247
What are the prime factors of 47480304?
2, 3, 989173
List the prime factors of 345809351.
345809351
What are the prime factors of 16796966?
2, 8398483
What are the prime factors of 100011320?
2, 5, 563, 4441
List the prime factors of 296363915.
5, 109, 543787
List the prime factors of 101012373.
3, 7, 11, 631
What are the prime factors of 50658012?
2, 3, 29, 48523
List the prime factors of 386695841.
7, 2791, 19793
What are the prime factors of 269425297?
269425297
List the prime factors of 114941351.
7, 37, 151, 2939
List the prime factors of 625388876.
2, 7, 19, 97, 12119
What are the prime factors of 502293571?
13, 38637967
List the prime factors of 495975190.
2, 5, 239, 207521
What are the prime factors of 266233111?
19, 1019, 13751
List the prime factors of 384195015.
3, 5, 739, 3851
What are the prime factors of 593137975?
5, 23725519
What are the prime factors of 33047003?
11, 137, 21929
What are the prime factors of 455762789?
2111, 215899
What are the prime factors of 101317890?
2, 3, 5, 43, 78541
What are the prime factors of 21245325?
3, 5, 17, 19, 877
List the prime factors of 189885521.
7, 109, 248867
What are the prime factors of 887582208?
2, 3, 61, 9473
List the prime factors of 181031096.
2, 17, 199, 6689
List the prime factors of 818282109.
3, 23, 89, 227, 587
List the prime factors of 1072313600.
2, 5, 131, 1279
List the prime factors of 20850892.
2, 47, 110909
What are the prime factors of 1046937055?
5, 223, 967, 971
List the prime factors of 1334807255.
5, 266961451
List the prime factors of 1659599487.
3, 7, 13, 2026373
List the prime factors of 89279328.
2, 3, 19, 48947
List the prime factors of 86773656.
2, 3, 43, 47, 1789
What are the prime factors of 21002252?
2, 31, 169373
What are the prime factors of 2991374621?
17, 29, 317, 19141
List the prime factors of 62486316.
2, 3, 192859
What are the prime factors of 60804895?
5, 12160979
What are the prime factors of 3576061609?
197, 18152597
What are the prime factors of 31732703?
31732703
What are the prime factors of 1127173378?
2, 149, 3782461
What are the prime factors of 1217363553?
3, 7, 6441077
List the prime factors of 530281302.
2, 3, 467, 189251
What are the prime factors of 18544728?
2, 3, 772697
What are the prime factors of 356059693?
11, 2557, 12659
What are the prime factors of 310336828?
2, 77584207
What are the prime factors of 3569636008?
2, 446204501
What are the prime factors of 46056200?
2, 5, 230281
List the prime factors of 159547678.
2, 571, 139709
List the prime factors of 67813161.
3, 13, 1738799
List the prime factors of 136795768.
2, 79, 263, 823
List the prime factors of 82080767.
23, 3568729
What are the prime factors of 14153871?
3, 263, 17939
List the prime factors of 1124451815.
5, 641, 350843
What are the prime factors of 111525428?
2, 7, 367, 10853
List the prime factors of 50016302.
2, 7, 271, 13183
What are the prime factors of 151962272?
2, 7, 11, 61673
What are the prime factors of 17236072?
2, 7, 41, 7507
List the prime factors of 85713462.
2, 3, 1433, 3323
What are the prime factors of 35825684?
2, 109, 127, 647
What are the prime factors of 2395856?
2, 137, 1093
What are the prime factors of 184242109?
184242109
List the prime factors of 2279381851.
1783, 1278397
What are the prime factors of 7629461?
7, 199, 5477
What are the prime factors of 869039553?
3, 163, 929, 1913
List the prime factors of 594348580.
2, 5, 7, 43, 98729
List the prime factors of 77360252.
2, 31, 113, 5521
What are the prime factors of 71909478?
2, 3, 1331657
List the prime factors of 1048807985.
5, 607, 345571
List the prime factors of 320768267.
14519, 22093
List the prime factors of 2514930457.
13, 2011, 96199
List the prime factors of 105067304.
2, 2311, 5683
What are the prime factors of 2445251721?
3, 11, 19, 139, 28057
List the prime factors of 20334546.
2, 3, 433, 2609
What are the prime factors of 106806839?
106806839
What are the prime factors of 1944475350?
2, 3, 5, 859, 15091
What are the prime factors of 97189384?
2, 107, 113539
What are the prime factors of 802261884?
2, 3, 191, 541, 647
What are the prime factors of 56404832?
2, 11, 23, 6967
List the prime factors of 60863193.
3, 821, 8237
What are the prime factors of 5788226722?
2, 2894113361
List the prime factors of 351519890.
2, 5, 351519